{"id":2,"date":"2016-05-10T03:48:21","date_gmt":"2016-05-10T03:48:21","guid":{"rendered":"http:\/\/fliesen-haus.de\/?page_id=2"},"modified":"2026-03-31T04:52:41","modified_gmt":"2026-03-31T04:52:41","slug":"sample-page","status":"publish","type":"page","link":"https:\/\/fliesen-haus.de\/","title":{"rendered":"Startseite"},"content":{"rendered":"\n<p>Herzlich willkommen bei der Firma Fliesen-Haus in M\u00fcnster (Hessen).<\/p>\n\n\n\n<p>Wir begr\u00fc\u00dfen Sie auf unserer Internetpr\u00e4senz. Bei uns finden Sie Kompetenz aus Meisterhand. In unserer gro\u00dfz\u00fcgigen Ausstellung k\u00f6nnen Sie sich unter fachkundiger Beratung \u00fcber die M\u00f6glichkeiten der Wohnraumgestaltung mit Fliesen informieren. Zahlreiche Muster und Verlege-Beispiele werden Sie bei der Suche nach den passenden Fliesen f\u00fcr Ihren Wohnraum unterst\u00fctzen.<\/p>\n\n\n\n<p>Wir freuen uns auf Ihren Besuch.<\/p>\n\n\n\n<p><\/p>\n\n\n\n<p><mark style=\"background-color:rgba(0, 0, 0, 0)\" class=\"has-inline-color has-vivid-red-color\"><br>Am 02.04.26 bleibt die Ausstellung geschlossen.<\/mark><\/p>\n\n\n\n<p><\/p>\n\n\n\n<p><\/p>\n\n\n\n<p><\/p>\n\n\n\n<h2 class=\"wp-block-heading\"><mark style=\"background-color:rgba(0, 0, 0, 0)\" class=\"has-inline-color has-vivid-red-color\">Ge\u00e4nderte \u00d6ffnungszeiten : <\/mark><\/h2>\n\n\n\n<p>\u00d6ffnungszeiten:&nbsp;<\/p>\n\n\n\n<p>Montag, Dienstag, Donnerstag, Freitag:&nbsp; 08:00-12:00 + 13:00-17:00<\/p>\n\n\n\n<p>Mittwoch: 08:00-12:00<\/p>\n\n\n\n<p>Samstag: Geschlossen<\/p>\n\n\n\n<h1 class=\"wp-block-heading\"><\/h1>\n\n\n\n<h1 class=\"wp-block-heading\">&nbsp;<\/h1>\n\n\n\n<p>Firma Fliesen Haus<\/p>\n\n\n\n<p>Am M\u00fchlacker 17<\/p>\n\n\n\n<p>64839 M\u00fcnster<\/p>\n\n\n\n<p>Telefon: 06071 31215<\/p>\n\n\n\n<p>E-Mail: Fliesenhaus@t-online.de<\/p>\n\n\n<div class=\"wp-block-image\">\n<figure class=\"aligncenter\"><a href=\"http:\/\/fliesen-haus.de\/wp-content\/uploads\/2018\/03\/Firma-Haus-Logo.jpg\"><img loading=\"lazy\" decoding=\"async\" width=\"1024\" height=\"507\" src=\"http:\/\/fliesen-haus.de\/wp-content\/uploads\/2018\/03\/Firma-Haus-Logo-1024x507.jpg\" alt=\"\" class=\"wp-image-230\" srcset=\"https:\/\/fliesen-haus.de\/wp-content\/uploads\/2018\/03\/Firma-Haus-Logo-1024x507.jpg 1024w, https:\/\/fliesen-haus.de\/wp-content\/uploads\/2018\/03\/Firma-Haus-Logo-300x149.jpg 300w, https:\/\/fliesen-haus.de\/wp-content\/uploads\/2018\/03\/Firma-Haus-Logo-768x381.jpg 768w, https:\/\/fliesen-haus.de\/wp-content\/uploads\/2018\/03\/Firma-Haus-Logo-540x268.jpg 540w, https:\/\/fliesen-haus.de\/wp-content\/uploads\/2018\/03\/Firma-Haus-Logo-1040x515.jpg 1040w, https:\/\/fliesen-haus.de\/wp-content\/uploads\/2018\/03\/Firma-Haus-Logo.jpg 1655w\" sizes=\"auto, (max-width: 1024px) 100vw, 1024px\" \/><\/a><\/figure><\/div>","protected":false},"excerpt":{"rendered":"<p>Herzlich willkommen bei der Firma Fliesen-Haus in M\u00fcnster (Hessen). Wir begr\u00fc\u00dfen Sie auf unserer Internetpr\u00e4senz.[&#8230;]<\/p>\n","protected":false},"author":1,"featured_media":0,"parent":0,"menu_order":0,"comment_status":"closed","ping_status":"open","template":"","meta":{"footnotes":""},"class_list":["post-2","page","type-page","status-publish","hentry"],"_links":{"self":[{"href":"https:\/\/fliesen-haus.de\/index.php?rest_route=\/wp\/v2\/pages\/2","targetHints":{"allow":["GET"]}}],"collection":[{"href":"https:\/\/fliesen-haus.de\/index.php?rest_route=\/wp\/v2\/pages"}],"about":[{"href":"https:\/\/fliesen-haus.de\/index.php?rest_route=\/wp\/v2\/types\/page"}],"author":[{"embeddable":true,"href":"https:\/\/fliesen-haus.de\/index.php?rest_route=\/wp\/v2\/users\/1"}],"replies":[{"embeddable":true,"href":"https:\/\/fliesen-haus.de\/index.php?rest_route=%2Fwp%2Fv2%2Fcomments&post=2"}],"version-history":[{"count":84,"href":"https:\/\/fliesen-haus.de\/index.php?rest_route=\/wp\/v2\/pages\/2\/revisions"}],"predecessor-version":[{"id":460,"href":"https:\/\/fliesen-haus.de\/index.php?rest_route=\/wp\/v2\/pages\/2\/revisions\/460"}],"wp:attachment":[{"href":"https:\/\/fliesen-haus.de\/index.php?rest_route=%2Fwp%2Fv2%2Fmedia&parent=2"}],"curies":[{"name":"wp","href":"https:\/\/api.w.org\/{rel}","templated":true}]}}